0110 + -1000?
-101110100000000111110
In base 8, what is 450 + -40557?
-40107
In base 8, what is -11021 + -1312?
-12333
In base 2, what is 111 + 1110101100010100000100011?
1110101100010100000101010
In base 9, what is 4330 - -30070?
34410
In base 4, what is 11 - -21312313012?
21312313023
In base 6, what is -432 - 1141315?
-1142151
In base 13, what is -5 + -1bc469?
-1bc471
In base 12, what is 8066b1 + -1a?
806693
In base 12, what is a4159 - 4?
a4155
In base 5, what is -11 + -3401022321?
-3401022332
In base 13, what is -2 - c71970?
-c71972
In base 12, what is -2431837 - 1?
-2431838
In base 16, what is 8336e + -2?
8336c
In base 12, what is -4820807 + -4?
-482080b
In base 12, what is -39093574 - 3?
-39093577
In base 16, what is -aa + 56ed6?
56e2c
In base 12, what is 8a122212 + -5?
8a122209
In base 2, what is -11101001100101101001100 + 100?
-11101001100101101001000
In base 7, what is -4613401 + -21?
-4613422
In base 16, what is -8284c5 - 4?
-8284c9
In base 6, what is 20441 - 523?
15514
In base 9, what is 3862 + -151660?
-146687
In base 3, what is 20210211 - -101201022211?
101222010122
In base 12, what is 5 - -6a7b363?
6a7b368
In base 15, what is -26c + 16ec3?
16c56
In base 13, what is 3 - 12a99a?
-12a997
In base 4, what is -2312311300 - -2?
-2312311232
In base 13, what is -c7283a + 5?
-c72835
In base 14, what is -7820 + -2d2?
-7b12
In base 9, what is -133 + -6131452?
-6131585
In base 7, what is -4021341 + 1036?
-4020302
In base 13, what is -193959c0 + 4?
-193959b9
In base 9, what is -44 - 5013751?
-5013805
In base 10, what is -1 - -5965839?
5965838
In base 15, what is 56204 + 66?
5626a
In base 9, what is -5054103 - 2?
-5054105
In base 13, what is 10801 + 195?
10996
In base 9, what is 3 + -3383817?
-3383814
In base 14, what is -4c2 + 1a1882?
1a13a0
In base 11, what is 2729442 + -170?
2729282
In base 16, what is 5 + 6b5f903?
6b5f908
In base 2, what is 100101110101 + -1101010101000000?
-1100101111001011
In base 8, what is -44531 + -3725?
-50456
In base 5, what is 101 + -141412240?
-141412134
In base 14, what is -a7685 + 14?
-a7671
In base 5, what is -3 + 2002303414?
2002303411
In base 10, what is -45 - -261927?
261882
In base 4, what is 1230 - -22322313?
22330203
In base 3, what is 0 + -10012201102022?
-10012201102022
In base 4, what is -121123230210 - -103?
-121123230101
In base 3, what is -11101121001022 + 1?
-11101121001021
In base 10, what is -2037964 - 14?
-2037978
In base 7, what is 4 + 46063561?
46063565
In base 5, what is 122213102 - 42?
122213010
In base 14, what is 4 - 2bb24d?
-2bb249
In base 13, what is 4c + 17887?
17906
In base 11, what is 16a43426 + -5?
16a43421
In base 3, what is 1012121211 + 200211211?
1220110122
In base 9, what is 51775 + 1446?
53332
In base 12, what is 277750 - -4a8?
278038
In base 9, what is -4 - -630806?
630802
In base 14, what is -2d1d - -9dd?
-2320
In base 4, what is 33 - 121302302031?
-121302301332
In base 11, what is -7718253 + 10?
-7718243
In base 10, what is 67828 + 251?
68079
In base 7, what is -4 + 35353415?
35353411
In base 9, what is -1082233 + 75?
-1082147
In base 8, what is 1570311 - 1712?
1566377
In base 13, what is 50bab14 - -1?
50bab15
In base 4, what is -2023022113 + 11132?
-2023010321
In base 3, what is 0 - -20200222001202?
20200222001202
In base 8, what is 64561006 + -2?
64561004
In base 4, what is 2022210 - -111032002?
113120212
In base 7, what is -522251 + -451?
-523032
In base 9, what is 5 + -52575708?
-52575703
In base 6, what is 5 + 235331113?
235331122
In base 8, what is -170 - -1040?
650
In base 7, what is 64453 + -116216?
-21433
In base 7, what is 0 + 560444660?
560444660
In base 5, what is 4 - -103234440201?
103234440210
In base 2, what is -11010011000100001001100101 - -1?
-11010011000100001001100100
In base 6, what is 1 + 11324015?
11324020
In base 10, what is 205012998 + 0?
205012998
In base 5, what is 3011022303 + 1?
3011022304
In base 12, what is 1 - 17013a7?
-17013a6
In base 6, what is 1420 - 1140010?
-1134150
In base 13, what is 936 - -118a57?
119690
In base 9, what is 2673 + 470151?
472834
In base 11, what is 309a030 - 3?
309a028
In base 10, what is 5 + -8897784?
-8897779
In base 14, what is 1 - ada8050?
-ada804d
In base 14, what is -521568 - 5?
-52156d
In base 2, what is 11 + 101111011111100100100?
101111011111100100111
In base 3, what is 111 - 120122111011?
-120122110200
In base 6, what is -11325052 + 332?
-11324320
In base 7, what is 30 - 4011022?
-4010662
In base 12, what is -b360 + 3948?
-7614
In base 6, what is -33415 + -51344?
-125203
In base 7, what is 46245513 - 5?
46245505
In base 15, what is 2 + -c3162c?
-c3162a
In base 14, what is d - 15c861c?
-15c860d
In base 15, what is 15191 - -3?
15194
In base 11, what is -21298 - -59?
-2123a
In base 5, what is 201003 - 201324?
-321
In base 2, what is -101 - 1000000010101000110100011100?
-1000000010101000110100100001
In base 15, what is 8881 - 3c1?
84b0
In base 5, what is -100023 - 123214?
-223242
In base 14, what is -10796a4 + -6?
-10796aa
In base 10, what is -6494608 + -11?
-6494619
In base 11, what is -4 - 120a6aa?
-120a703
In base 3, what is -1002121220 + 1121001?
-1001000212
In base 11, what is -122 - -4553a?
45418
In base 11, what is -26279 - 8?
-26286
In base 16, what is -2 - -a139d?
a139b
In base 15, what is -2243 - d4d?
-3091
In base 6, what is 155 + -51053303?
-51053104
In base 11, what is -75 - 10402a?
-1040a4
In base 2, what is 100 - -1111000110001100001011001?
1111000110001100001011101
In base 11, what is -58 - -3889a04?
3889957
In base 15, what is -2b0390 - a2?
-2b0442
In base 2, what is 1000010000100000000100010000 + -101?
1000010000100000000100001011
In base 3, what is 2200 + 12022021?
12101221
In base 7, what is -1 - 1442132111?
-1442132112
In base 11, what is -1a190 - 1716?
-208a6
In base 11, what is -372697 - -2a?
-372668
In base 7, what is -15663 - -5424?
-10236
In base 7, what is -233503014 + 6?
-233503005
In base 3, what is -20222 - -2100210221?
2100112222
In base 16, what is 14ea52b + -1?
14ea52a
In base 8, what is 3 - 1333770151?
-1333770146
In base 2, what is -1 + 100100000111000000101?
100100000111000000100
In base 12, what is 89428b + 19?
8942a8
In base 11, what is -1 - 9772315?
-9772316
In base 4, what is -101301002 - -1013?
-101233323
In base 12, what is -27040 - -1576?
-25686
In base 13, what is -18b86 + -2ac?
-19165
In base 3, what is 0 - -10122202121120120?
10122202121120120
In base 9, what is -5 + -48466757?
-48466763
In base 12, what is 211 - 8738?
-8527
In base 6, what is -104351035 + 1?
-104351034
In base 12, what is -3445a315 - 4?
-3445a319
In base 5, what is 10 - -141341042?
141341102
In base 9, what is 11 - 245603?
-245582
In base 7, what is 2550 + -1525146?
-1522266
In base 9, what is 0 - 27687448?
-27687448
In base 5, what is 2400041 - -14240?
2414331
In base 2, what is -1001010111010101101 + 10011?
-1001010111010011010
In base 11, what is 10512769 + 8?
10512776
In base 12, what is -1a7a7 + 149a?
-19309
In base 14, what is -19 - 6b1292?
-6b12ab
In base 13, what is -7 - -625b160?
625b156
In base 15, what is 0 + -8bc36?
-8bc36
In base 15, what is -b55e21 - -9?
-b55e17
In base 13, what is 75b72b + 3?
75b731
In base 6, what is 3 + 11330322235?
11330322242
In base 5, what is 3401121440 - 1?
3401121434
In base 15, what is 8a612b - 9?
8a6122
In base 13, what is -159 + 603c7?
6026b
In base 5, what is -10044322 - -100424?
-4443343
In base 10, what is 5 + 162274392?
162274397
In base 13, what is a1973ab - -1?
a1973ac
In base 9, what is 47231 + 273?
47514
In base 14, what is 5 + 5762b2a?
5762b31
In base 9, what is 18840 - -401?
20341
In base 2, what is 10 + 110001111101011011010001010?
110001111101011011010001100
In base 6, what is -335053000 - -100?
-335052500
In base 11, what is -225520 + 28a?
-225241
In base 9, what is -5 + -110367010?
-110367015
In base 11, what is -1 - -747173a?
7471739
In base 16, what is -d7b67 + -2a?
-d7b91
In base 15, what is 5e8a91 - c?
5e8a84
In base 8, what is 4 - 667160512?
-667160506
In base 12, what is 0 - 1b90938?
-1b90938
In base 8, what is -21 - 123613?
-123634
In base 12, what is 2a0aa - 1a?
2a090
In base 4, what is 0 - 220330201023?
-220330201023
In base 4, what is 121001301000 + -12?
121001300322
In base 9, what is -1 - 16655201?
-16655202
In base 7, what is -142 